= 1382 + -974. Let d(y) = 199*y**2 + 206*y**2 + 2 + 2*y**3 - f*y**2. What is d(i)?
6
Let m(l) = -15*l - 4*l + 14 - 13*l + 5*l + 14*l**2. Let s(b) = -5*b**2 + 9*b - 5. Let k(w) = 4*m(w) + 11*s(w). Suppose -24 = 87*y - 90*y. Give k(y).
-7
Let b be ((-12)/(-15))/((-28)/(-4690)). Let s = 137 - b. Let m(i) = 3*i**2 - i + 4. Give m(s).
28
Let r(z) be the third derivative of -z**6/60 + 7*z**5/60 - 3*z**4/8 - z**3/3 + 2*z**2 + 1042*z. Calculate r(3).
-20
Let d(a) = 3*a - 1. Let n = 67 + -39. Suppose n + 24 = 4*f. Let l = 10 - f. Calculate d(l).
-10
Let l(o) = o + 2499*o**3 - 2*o**2 - 1253*o**3 - 3*o - 1195*o**3. Calculate l(-1).
-51
Let i(j) = -7*j + 4*j + 1710 - 1710. Let r be 2 + -1 - 1*-8. Suppose -n = 2*n - r. Give i(n).
-9
Suppose -272 = -9916*w + 9984*w. Let f(l) be the third derivative of -l**5/60 - l**4/8 - l**3/6 + l**2. What is f(w)?
-5
Let z(y) = 673*y - 4*y**2 - 9*y**3 + 682*y + 11*y**3 - 1352*y. What is z(2)?
6
Let i(j) be the third derivative of -5*j**4/24 + 11*j**3/2 - 62*j**2. Give i(6).
3
Let g(h) be the first derivative of -h**4/4 + 10*h**3/3 - h**2/2 + 6*h + 52. Let a be g(10). Let m(k) = -k**3 - 5*k**2 + 5*k + 6. What is m(a)?
-30
Let m be ((-10)/((-70)/(-21)))/(-10 - -8 - -1). Let o(s) = s**3 - 6*s**2 + 9*s - 11. Calculate o(m).
-11
Let j(g) = -4*g - 109. Let m be -30 - (-1)/((-39)/(-6) + -6). Calculate j(m).
3
Let u(l) be the third derivative of -l**6/40 + 7*l**5/15 - 3*l**4/8 - l**2 + 845*l. Determine u(9).
0
Let n(d) = d + 15. Let w(v) = -2*v + 13. Let h(j) = 2*n(j) - 3*w(j). What is h(-3)?
-33
Let l(j) = 5*j**2 + 6*j + 5. Let t(f) be the second derivative of -f**4/3 - 5*f**3/6 - 2*f**2 + f - 126. Let d(n) = -5*l(n) - 6*t(n). Determine d(3).
-10
Let c(r) = -5*r**3 + 14*r**2 - 9*r + 4. Let g be c(2). Let t(v) = 2*v**3 + v**2 + v + 2. Determine t(g).
24
Let c(i) = 2*i**2 + 1. Let d(f) be the second derivative of f**4/2 + 2*f**2 + 256*f. Let j(g) = 7*c(g) - 2*d(g). Determine j(2).
7
Let z(n) = -n - 1. Let w(c) = -2*c + 1. Let l(a) = -w(a) + z(a). Let u = -2597 + 2601. Calculate l(u).
2
Suppose -35*l + 32*l = -h - 11, -l + 4*h = 0. Let f(p) be the first derivative of 3/2*p**2 + 1/4*p**4 + 4*p - 1 - 5/3*p**3. Determine f(l).
0
Suppose c = -v + 1, -4 = c - 2. Let f(o) = -45*o - 6*o**2 + o**3 + 10*o - v + 30*o - 2*o**3. Give f(-5).
-3
Let y(c) = 5 - 4 - c - 3. Suppose -34014 = -40*d + 10386. Let l = d + -1116. Give y(l).
4
Let s(t) be the third derivative of t**5/12 - 5*t**4/12 - 8*t**3/3 + t**2 + 12. Let m(n) = 4*n**2 - 9*n - 16. Let f(a) = -4*m(a) + 3*s(a). Calculate f(7).
9
Let v(u) = -4 + 9*u**3 + 4*u**2 + 0*u**3 - 29472*u + 29472*u - 3*u**3. What is v(-2)?
-36
Suppose 3 = 104*l - 107*l - p, 5*p + 15 = -l. Let w(n) = 2*n**2 + 8*n - 3. Calculate w(l).
-3
Let u(s) = 196*s + 62. Let z(r) = -107*r - 31. Let x(p) = 6*u(p) + 11*z(p). What is x(13)?
18
Let v(g) = 32*g - 63. Let w(r) = 32*r - 73. Let b(i) = -7*v(i) + 6*w(i). Determine b(-1).
35
Suppose 13*l - 6288 = -11*l. Let y = -266 + l. Let h(k) = -k**2 - k - 5. Give h(y).
-17
Let t(d) = -28*d - 12 + 14*d + 23*d. Let a(q) = 26*q - 34. Let m(x) = 4*a(x) - 11*t(x). Give m(-3).
-19
Suppose -132 = -4*k - 4*j, j = -3*k + 18 + 79. Let c(r) = 3*r**2 - 97*r + 27. Give c(k).
-5
Let n(b) be the third derivative of -b**5/60 + b**4/2 + 13*b**3/6 - 4*b**2 - 14. Give n(12).
13
Let x(n) = -30 + 31 + n**2 - 35 - 4*n. What is x(7)?
-13
Let w(o) = -3*o - 3. Let p(d) = 7*d + 5. Let v(z) = -4*p(z) - 9*w(z). Suppose 2*l - 2*h + 138 = 0, -140 = 2*l - 4*h - 0*h. Let r = -62 - l. Determine v(r).
1
Let m(h) = -2*h - 5. Let r = -120 + 132. Suppose 43 + 65 = -r*d. Determine m(d).
13
Let h(u) = -5*u - 4. Let j = 54 - 49. Suppose -p - 2 + j = 0. Let n be 1/(-2) + (-11)/2 + p. Give h(n).
11
Let j = 5 + -5. Let t(f) = -f + 5 - 2 + j. Let y(l) = 200*l + 1002. Let x be y(-5). Calculate t(x).
1
Let q(r) = r + 2. Suppose 4*b = 4*v - 20, v - 5*b - 4 - 9 = 0. Let m(j) = -6 + j**3 - 4*j**2 + 7*j**2 + v. Let f be m(-3). Determine q(f).
-1
Let c(v) = 2*v**2 + v. Let w(g) = -7*g**2 - 8*g + 4. Let m = 151 - 155. Let j(h) = m*c(h) - w(h). Give j(6).
-16
Let n(d) be the first derivative of 2*d - 78 - 1/4*d**4 + 5/2*d**2 + 5/3*d**3. Calculate n(6).
-4
Let t(b) = 2*b + 5. Let j(s) = -10*s + 15. Let u = 28 - 15. Suppose 0 = -u*q - 3 + 29. Let k be j(q). Determine t(k).
-5
Let w(a) = -14*a**3 + 1. Let n(h) = -5*h - 4*h + 6 - 26 - 2. Let c be n(-6). Let u = -33 + c. Determine w(u).
15
Let m(a) = -5*a - 7. Suppose -4*v + 6*t - t + 26 = 0, -3*v - t = -10. Suppose 2*p + 12 = v. Give m(p).
13
Suppose 26 = 8*l + 2*u, -31 + 26 = -5*l - 5*u. Let f(a) be the third derivative of 5/3*a**3 + 0*a + 1/8*a**l + 0 - 18*a**2. What is f(-7)?
-11
Let d(t) = -11*t**2 - 18*t + 18. Suppose 685*h = 689*h - 4. What is d(h)?
-11
Let r(i) = -i**2 - 3*i + 3. Suppose 13*y = 12*y + 5. Suppose 2*a - 3*a - 14 = -5*u, -y*a = -5. Suppose -3*o = -4*c + 10 + 7, 0 = 3*c - u*o - 15. What is r(c)?
-7
Let j(m) be the first derivative of -15/2*m**2 + 3 + 1/24*m**4 - 1/60*m**5 + 0*m + 1/3*m**3. Let y(h) be the second derivative of j(h). Give y(2).
0
Suppose 4*a = 20, 2*a + 5 - 14 = -w. Let k(v) = -5*v**2 - 8*v**2 - v**2 + 3*v**2. Determine k(w).
-11
Let d(a) = 5*a**2 + 47*a + 29. Let c be ((-4)/(-6))/((-10)/1485*11). What is d(c)?
11
Let a(j) = 19*j**3 - 8*j**2 + 6*j - 1. Let c(h) = 54*h**3 - 25*h**2 + 17*h - 3. Let q(n) = -17*a(n) + 6*c(n). What is q(14)?
-1
Let m(h) = -h**2 + h. Let d(w) = 2*w**2 + 1. Let u(z) = -d(z) - 3*m(z). Let a(y) be the first derivative of u(y). What is a(-5)?
-13
Let k(u) be the second derivative of -u**5/60 - u**4/6 + 13*u**3/3 - u**2/2 + 23*u. Let m(a) be the second derivative of k(a). Determine m(-3).
2
Let w(s) be the second derivative of 2/3*s**3 + 0 - 30*s + 1/60*s**5 - 1/4*s**4 - 3*s**2. Let g(o) be the first derivative of w(o). Determine g(5).
-1
Let d be (0 - (-15)/15)*-9. Let l(p) = p**2 + 10*p. Calculate l(d).
-9
Let u(f) = -f + 13. Let i(w) = w**3 + 24*w**2 + 30*w + 187. Let z be i(-23). Give u(z).
-13
Suppose 0 = a + 2, 4*y + 5*a = 6 - 20. Let b(n) = 9*n + 1. Let t(m) = 10*m + 1. Suppose r = 3*r - 10. Let u(h) = r*t(h) - 4*b(h). Determine u(y).
-13
Let v(c) = -5*c**2 + c**2 + 34 - 5*c - 38 - c**3. Let u be (((-285)/(-38))/15)/(2/(-12)). Give v(u).
2
Let k(c) = c**2 - 5*c + 11. Suppose 5*f + 30 = 5*s - 55, -4*s + 59 = 5*f. Let z be (-36 + 39)/(6/s). Give k(z).
35
Let q(j) = -3*j**3 - 93*j**2 - 2*j - 54. Let a be (4 - 15) + (1 - 121)/6. Give q(a).
8
Let j be 6/(-60) - 41/(-10). Let u(z) = 1405 - z**3 - 4*z + z**2 - 1407 - j*z**2 + 3*z. Suppose x - 10 = 2*o, -o + 3*x = -5*o. What is u(o)?
1
Let a(g) = g + 2. Suppose p - 4*u - 7 = 0, 3*u + 24 = -7*p + 4*p. Determine a(p).
-3
Suppose 2*h + 12 = -5*s, -94*s + 17*h = -89*s - 197. Let w(b) = 1 - 3*b**2 + 2*b**2 - 4 + 2*b**3 - b. Determine w(s).
7
Let i(b) be the first derivative of -b**4/4 + b**3/3 + 3*b**2/2 + 4*b - 332. Calculate i(0).
4
Let x(r) = -23691*r**3 + 11842*r**3 - 3 - 3*r + 11851*r**3. Determine x(2).
7
Let q(b) = -13*b - 37. Let y = 11363 + -11367. Give q(y).
15
Let z be 2/(24/9) - 10/(-8). Suppose -6*d - 8*d = -z*d. Let b(t) = 2*t. Determine b(d).
0
Let y(f) = -2*f - 3*f**3 - 6*f**3 + 908*f**2 + 4*f**3 + 16 - 897*f**2 + 4*f**3. Determine y(11).
-6
Let l(j) = -29*j**3 - 8*j + 28. Let q(i) = 28*i**3 - i**2 + 2*i + 1. Let d(n) = l(n) + q(n). Give d(0).
29
Let j(t) = -t**3 + t**2 + 5*t + 1. Let f be (-54)/90 - ((-168)/30 + 2). Determine j(f).
-2
Let y(z) = -4*z**2 - 14*z - 6. Let l = 25441 + -25448. Calculate y(l).
-104
Let o(b) = 7*b. Let r(m) = -m**2 - 41*m + 88. Let v be r(-43). Suppose 5*k - 6*k - 4 = v*a, -4*k - 13 = 5*a. Give o(a).
-7
Let t(j) = -j**3 + 16*j**2 - 60*j + 55. Let p be t(11). Let n(v) = 3*v + 25. What is n(p)?
25
Let z(b) = b**3 + 6*b**2 + b + 6. Let r(x) = -x**2 + 7*x - 6. Suppose 2*m + 0 = -5*p + 4, -p = 2. Let k be r(m). What is z(k)?
0
Let n(y) = y**3 - 2*y**2 - 5*y + 3. Let a be 5/((-30)/4) + 11067/63. Suppose -41 - a = -9*c. Let v be 4/(-14) - (-6 - c/(-14)). What is n(v)?
15
Let n(o) be the third derivative of 1/120*o**6 + 26*o**2 - 1/15*o**5 + 0 + o - 1/24*o**4 + 1/2*o**3. Determine n(3).
-9
Let h(n) = n - 2*n + 25*n**3 + 0*n**2 - 13*n**3 + 7 - 9*n**2 - 13*n**3. Give h(-8).
-49
Let s be 7*3*(-3)/(-9). Let a(y) = -y**3 + 7*y**2 + y - 8. Let u be a(